ulate the greatest common divisor of 4236 and 12.
12
What is the greatest common factor of 15 and 255?
15
Calculate the highest common divisor of 103 and 1648.
103
What is the greatest common factor of 50 and 100?
50
What is the greatest common divisor of 470 and 20?
10
What is the greatest common factor of 70 and 3430?
70
What is the greatest common divisor of 195 and 13095?
15
Calculate the highest common divisor of 319 and 1089.
11
What is the highest common factor of 175 and 75?
25
What is the greatest common divisor of 93 and 12183?
93
Calculate the highest common factor of 35 and 35.
35
What is the highest common divisor of 2523 and 87?
87
What is the greatest common divisor of 963 and 9?
9
Calculate the greatest common factor of 28 and 9646.
14
What is the highest common divisor of 1332 and 576?
36
What is the greatest common factor of 459 and 54?
27
What is the greatest common factor of 34 and 3842?
34
Calculate the highest common factor of 20 and 36.
4
Calculate the greatest common divisor of 74 and 111.
37
Calculate the greatest common divisor of 968 and 8.
8
Calculate the greatest common factor of 2366 and 56.
14
What is the greatest common divisor of 2006 and 17?
17
What is the greatest common divisor of 190 and 50?
10
What is the highest common factor of 285 and 10?
5
What is the highest common factor of 187 and 119?
17
Calculate the highest common divisor of 86 and 2666.
86
What is the highest common divisor of 13 and 26?
13
Calculate the highest common factor of 4 and 148.
4
What is the greatest common factor of 54 and 126?
18
What is the highest common factor of 175 and 250?
25
Calculate the highest common divisor of 144 and 256.
16
Calculate the greatest common factor of 5932 and 8.
4
What is the greatest common factor of 424 and 1537?
53
Calculate the greatest common factor of 1197 and 63.
63
Calculate the highest common divisor of 1496 and 44.
44
Calculate the greatest common factor of 224 and 48.
16
Calculate the greatest common factor of 60 and 780.
60
What is the highest common divisor of 1848 and 44?
44
What is the highest common factor of 945 and 140?
35
What is the highest common divisor of 2756 and 364?
52
Calculate the greatest common divisor of 31 and 155.
31
What is the highest common factor of 1644 and 24?
12
What is the highest common factor of 115 and 85?
5
What is the greatest common factor of 6125 and 49?
49
Calculate the highest common factor of 787 and 1.
1
What is the highest common factor of 2366 and 338?
338
What is the highest common factor of 480 and 60?
60
Calculate the greatest common factor of 8 and 1436.
4
Calculate the greatest common divisor of 144 and 768.
48
What is the highest common factor of 6762 and 69?
69
Calculate the greatest common factor of 1200 and 75.
75
What is the highest common factor of 130 and 195?
65
What is the highest common divisor of 16002 and 252?
126
What is the greatest common divisor of 602 and 70?
14
What is the greatest common divisor of 45 and 5?
5
Calculate the greatest common factor of 74 and 14726.
74
What is the greatest common divisor of 65 and 3?
1
Calculate the greatest common factor of 56 and 1400.
56
What is the greatest common factor of 2 and 146?
2
Calculate the highest common factor of 32763 and 804.
201
Calculate the greatest common divisor of 17 and 17.
17
What is the highest common factor of 4144 and 448?
112
Calculate the greatest common divisor of 70 and 80.
10
Calculate the greatest common divisor of 5904 and 720.
144
What is the greatest common divisor of 3657 and 424?
53
What is the greatest common factor of 60 and 4980?
60
Calculate the greatest common divisor of 24 and 13512.
24
What is the greatest common divisor of 9666 and 27?
27
What is the highest common factor of 48 and 16?
16
What is the greatest common factor of 768 and 48?
48
Calculate the highest common divisor of 11 and 649.
11
Calculate the highest common divisor of 275 and 33.
11
What is the greatest common factor of 55 and 95?
5
What is the greatest common divisor of 240 and 15?
15
Calculate the greatest common divisor of 8 and 40.
8
Calculate the greatest common divisor of 152 and 8132.
76
Calculate the highest common divisor of 192 and 12.
12
Calculate the greatest common factor of 4356 and 324.
36
Calculate the highest common factor of 280 and 595.
35
Calculate the greatest common divisor of 21 and 3927.
21
Calculate the highest common factor of 205 and 6847.
41
Calculate the greatest common factor of 171 and 209.
19
What is the greatest common factor of 37 and 851?
37
What is the greatest common factor of 77 and 1793?
11
Calculate the greatest common factor of 33 and 88.
11
What is the greatest common divisor of 96 and 450?
6
What is the highest common factor of 5292 and 14?
14
What is the highest common divisor of 255 and 120?
15
What is the greatest common divisor of 6697 and 181?
181
What is the greatest common divisor of 4 and 92?
4
What is the greatest common factor of 3193 and 31?
31
What is the highest common factor of 28 and 252?
28
What is the highest common divisor of 51 and 969?
51
Calculate the greatest common divisor of 180 and 126.
18
What is the greatest common divisor of 16484 and 156?
52
What is the highest common divisor of 2600 and 16?
8
What is the highest common divisor of 62 and 3131?
31
What is the highest common divisor of 121 and 264?
11
Calculate the greatest common factor of 15 and 21.
3
What is the greatest common divisor of 15 and 25?
5
What is the greatest common factor of 134 and 8?
2
Calculate the highest common factor of 930 and 3534.
186
What is the highest common factor of 4 and 108?
4
Calculate the greatest common factor of 4335 and 30.
15
What is the greatest common factor of 3 and 141?
3
Calculate the greatest common divisor of 1104 and 96.
48
Calculate the highest common divisor of 440 and 3410.
110
Calculate the greatest common factor of 53 and 2756.
53
What is the greatest common divisor of 115 and 184?
23
What is the greatest common factor of 56 and 1400?
56
What is the greatest common factor of 928 and 174?
58
Calculate the greatest common divisor of 21 and 2289.
21
What is the highest common factor of 256 and 64?
64
Calculate the greatest common divisor of 689 and 477.
53
What is the highest common divisor of 3384 and 96?
24
What is the greatest common divisor of 48 and 35592?
24
What is the highest common divisor of 54 and 24?
6
Calculate the highest common divisor of 234 and 3588.
78
Calculate the greatest common divisor of 483 and 63.
21
Calculate the greatest common factor of 42 and 105.
21
What is the highest common divisor of 130 and 2171?
13
Calculate the highest common divisor of 10 and 28.
2
Calculate the highest common factor of 10 and 4730.
10
Calculate the greatest common divisor of 64 and 33280.
64
What is the greatest common divisor of 444 and 84?
12
What is the greatest common divisor of 63 and 81?
9
What is the greatest common factor of 861 and 21?
21
What is the greatest common divisor of 3392 and 265?
53
What is the highest common divisor of 133 and 21?
7
What is the greatest common factor of 270 and 3?
3
Calculate the highest common factor of 1152 and 18.
18
What is the greatest common factor of 91 and 105?
7
What is the greatest common factor of 2 and 338?
2
Calculate the highest common factor of 279 and 1457.
31
What is the greatest common divisor of 33 and 3333?
33
Calculate the highest common divisor of 6380 and 330.
110
What is the highest common factor of 1700 and 204?
68
What is the highest common factor of 129 and 67467?
129
Calculate the greatest common divisor of 48 and 16.
16
Calculate the highest common factor of 190 and 1250.
10
Calculate the highest common factor of 27744 and 96.
96
What is the highest common factor of 2650 and 2226?
106
Calculate the highest common factor of 120 and 40.
40
Calculate the highest common factor of 70 and 7070.
70
Calculate the highest common divisor of 553 and 7.
7
Calculate the highest common factor of 300 and 950.
50
What is the highest common divisor of 80 and 10?
10
Calculate the highest common factor of 9269 and 897.
299
Calculate the highest common factor of 12360 and 72.
24
What is the greatest common factor of 1075 and 50?
25
What is the highest common factor